{"id":2,"date":"2022-11-02T00:44:52","date_gmt":"2022-11-01T23:44:52","guid":{"rendered":"http:\/\/autisti.sk\/kradnr\/?page_id=2"},"modified":"2022-11-22T01:19:31","modified_gmt":"2022-11-22T00:19:31","slug":"ukazkova-stranka","status":"publish","type":"page","link":"http:\/\/autisti.sk\/kradnr\/ukazkova-stranka\/","title":{"rendered":"Oznam"},"content":{"rendered":"\n<p>Toto je str\u00e1nka Klubu rodi\u010dov autistick\u00fdch det\u00ed v Nitre<\/p>\n\n\n\n<p>Moment\u00e1lne na str\u00e1nke pracujeme &#8230;.<\/p>\n\n\n\n<figure class=\"wp-block-image size-large is-resized\"><img loading=\"lazy\" decoding=\"async\" src=\"http:\/\/autisti.sk\/kradnr\/wp-content\/uploads\/2022\/11\/LOGO_KRAD--1024x1013.png\" alt=\"\" class=\"wp-image-19\" width=\"347\" height=\"343\" srcset=\"http:\/\/autisti.sk\/kradnr\/wp-content\/uploads\/2022\/11\/LOGO_KRAD--1024x1013.png 1024w, http:\/\/autisti.sk\/kradnr\/wp-content\/uploads\/2022\/11\/LOGO_KRAD--300x297.png 300w, http:\/\/autisti.sk\/kradnr\/wp-content\/uploads\/2022\/11\/LOGO_KRAD--768x760.png 768w, http:\/\/autisti.sk\/kradnr\/wp-content\/uploads\/2022\/11\/LOGO_KRAD--1536x1519.png 1536w, http:\/\/autisti.sk\/kradnr\/wp-content\/uploads\/2022\/11\/LOGO_KRAD-.png 1575w\" sizes=\"auto, (max-width: 347px) 100vw, 347px\" \/><\/figure>\n\n\n\n<figure class=\"wp-block-video\"><video height=\"1080\" style=\"aspect-ratio: 1920 \/ 1080;\" width=\"1920\" controls loop src=\"http:\/\/autisti.sk\/kradnr\/wp-content\/uploads\/2022\/11\/2022_11_04_reklama_lienkaworkshop_32s-2.mp4\"><\/video><\/figure>\n","protected":false},"excerpt":{"rendered":"<p>Toto je str\u00e1nka Klubu rodi\u010dov autistick\u00fdch det\u00ed v Nitre Moment\u00e1lne na str\u00e1nke pracujeme &#8230;.<\/p>\n","protected":false},"author":1,"featured_media":0,"parent":0,"menu_order":0,"comment_status":"closed","ping_status":"open","template":"","meta":{"ngg_post_thumbnail":0,"footnotes":""},"class_list":["post-2","page","type-page","status-publish","hentry"],"_links":{"self":[{"href":"http:\/\/autisti.sk\/kradnr\/wp-json\/wp\/v2\/pages\/2","targetHints":{"allow":["GET"]}}],"collection":[{"href":"http:\/\/autisti.sk\/kradnr\/wp-json\/wp\/v2\/pages"}],"about":[{"href":"http:\/\/autisti.sk\/kradnr\/wp-json\/wp\/v2\/types\/page"}],"author":[{"embeddable":true,"href":"http:\/\/autisti.sk\/kradnr\/wp-json\/wp\/v2\/users\/1"}],"replies":[{"embeddable":true,"href":"http:\/\/autisti.sk\/kradnr\/wp-json\/wp\/v2\/comments?post=2"}],"version-history":[{"count":3,"href":"http:\/\/autisti.sk\/kradnr\/wp-json\/wp\/v2\/pages\/2\/revisions"}],"predecessor-version":[{"id":29,"href":"http:\/\/autisti.sk\/kradnr\/wp-json\/wp\/v2\/pages\/2\/revisions\/29"}],"wp:attachment":[{"href":"http:\/\/autisti.sk\/kradnr\/wp-json\/wp\/v2\/media?parent=2"}],"curies":[{"name":"wp","href":"https:\/\/api.w.org\/{rel}","templated":true}]}}